= m - 100. What is the remainder when 98 is divided by m?
23
Let c(o) = -22*o + 12. Suppose v = 6*v - 40. Let k be c(v). Calculate the remainder when k/(-10) + 10/(-25) is divided by 6.
4
Let i = -5 - -5. Suppose 5 = w - i*w. Suppose -4*m + 2 = -3*m. Calculate the remainder when w is divided by m.
1
Suppose -2*g - 14 = 4*t, 3*g = -3*t - 12 - 3. Calculate the remainder when ((-4)/3)/((-8)/18) is divided by ((-1)/(-2))/(t/(-4)).
0
Suppose 0 = -5*x - 4*f + 215, 2*f = 3*x + 4*f - 131. What is the remainder when x is divided by 24?
23
Calculate the remainder when (-261 + -3)/(-4) - (1 + 2) is divided by 16.
15
Let s = 80 - 30. Let m = s + -22. What is the remainder when m is divided by 10?
8
Suppose -2*n - 2*n + 4 = 0. Let v(j) = -j - n + 0 - j. Calculate the remainder when v(-2) is divided by 2.
1
Let m = 25 - 0. What is the remainder when 99 is divided by m?
24
Suppose -v - 4*v + 57 = i, 3*v = 5*i + 51. Suppose -3*m + 139 = -92. Suppose 2*r + 53 + m = 4*a, 4*r = -5*a + 195. What is the remainder when a is divided by v?
11
Suppose -5*s - 7 = 3*l, -3*l + 4*s = -0*l - 11. Let f = 4 + l. Suppose -4*v - 64 = -8*v + 2*a, -5*v + 62 = 2*a. Calculate the remainder when v is divided by f.
4
Let v(f) = -54*f**3 - f - 1. What is the remainder when v(-1) is divided by 19?
16
Let p(w) = 9*w - 7. What is the remainder when 17 is divided by p(2)?
6
Let b(c) = -2*c - 7. Let k = 2 - -2. Suppose a = k*a - 51. Calculate the remainder when a is divided by b(-8).
8
Suppose 5*v - 202 + 32 = 0. Let q(m) = m**3 + 2*m**2 - 2*m. Suppose 0 = -2*d - 3*d + 10. What is the remainder when v is divided by q(d)?
10
Suppose -8*m + 4*m + 28 = 0. Suppose -62 = -c - 23. Suppose -2*f - f = -c. Calculate the remainder when f is divided by m.
6
Let u be (3*2)/((-12)/(-8)). Let m(z) = z**2 - 7*z + 2. Let p be m(u). Let a = p + 17. Calculate the remainder when 18 is divided by a.
4
Let r(j) = -5*j + 2. Let l be 138/(-24) - 2/8. Calculate the remainder when r(l) is divided by 17.
15
Let v(p) = -p**2 - 7*p + 8. Let z = -3 + 2. What is the remainder when v(-6) is divided by 0 + 2/z + 10?
6
Suppose -5*o = -2*r - 8, o = -r - o + 5. What is the remainder when 52 is divided by r + (-2)/2 - -18?
16
Let a = -19 + 5. Let r = -1 - a. Let n = -12 + 20. What is the remainder when r is divided by n?
5
Suppose 5*r - 59 + 11 = -2*j, -4*r + 3*j = -43. What is the remainder when 29 is divided by r?
9
Suppose 6*t = t + 90. Let y(m) = m**3 + m**2. Let l(d) = 5*d**3 + 4*d**2 + 2*d + 1. Let b(j) = l(j) - 4*y(j). What is the remainder when b(3) is divided by t?
16
Suppose -4*v = -v + 3*o - 3, 0 = -5*v - 2*o + 2. Suppose -3*q + 5*r - 3 = v, -2*q - r + 9 = -2. What is the remainder when 15 is divided by q?
3
Let u = -4 + 7. Suppose 5*h - 36 = -2*p, -2*p - 3*p = -4*h + 42. What is the remainder when h is divided by u?
2
Let m = 0 + 4. What is the remainder when 26 is divided by m?
2
Let a = -73 + 132. Suppose -5*l + 40 = -5*p, 2*l = p + 7 + 6. Suppose -2 - 3 = -h + l*t, -4*h + 65 = -5*t. What is the remainder when a is divided by h?
19
Suppose 4*s - 136 = -5*x + 106, -5*s = 2*x - 107. Suppose 0 = -36*y + 30*y + 72. Calculate the remainder when x is divided by y.
10
What is the remainder when (4 + -1)/(6/100) is divided by (-378)/(-22) + 2/(-11)?
16
Let n = -42 - -44. What is the remainder when 13 is divided by n?
1
Let t(x) = 15 + 0*x - x + 2*x - 1. Let j be t(-10). Suppose j*w = 18 + 6. What is the remainder when 10 is divided by w?
4
Suppose -5*k + 42 = -4*j, -3*j - 2*j - 30 = -4*k. Calculate the remainder when 38 is divided by k.
8
Let l = -6 + 10. Let z = 19 - -8. Let m = z + -18. What is the remainder when m is divided by l?
1
What is the remainder when 14 is divided by (8/(-20)*3)/((-4)/30)?
5
Let v(k) = -k + 7. Let y = 4 + -1. Let h(q) = 2*q - 1. What is the remainder when v(-6) is divided by h(y)?
3
Let w be (-7)/(-3 + 2) + -3. Suppose w*u = 3*u - 1. Let d(f) = -12*f**3 + f. What is the remainder when 20 is divided by d(u)?
9
Suppose -t + 20 = 3*t. Let r(c) = -1. Let d(n) = -4*n + 4. Let h(m) = -d(m) + 3*r(m). Calculate the remainder when 49 is divided by h(t).
10
Let n = -6 - -1. Let w = n + 9. Suppose -23 = -5*g - 3*t, -6*t + w*t + 6 = g. What is the remainder when g is divided by 2?
0
Let h(b) = -b**2 + 10*b + 7. What is the remainder when h(5) is divided by 11?
10
Suppose -2*r - 2*y + 272 = 0, 0 = 5*r - 4*y + 5*y - 700. Calculate the remainder when r is divided by 24.
21
What is the remainder when 1/(-4) - (-807)/12 is divided by 17?
16
Let s = 1 + -2. Let z(c) = -6*c**3 - 2*c**2 + 1. What is the remainder when 12 is divided by z(s)?
2
Let x be ((-2 - 0) + 0)*-2. Suppose -5*u + 54 = x*k, 0*u + 3*u + 4*k - 26 = 0. What is the remainder when u is divided by 4?
2
Let t(m) = 5*m + 1 + 0 + 5*m + 0*m. Calculate the remainder when t(1) is divided by 4.
3
Let f(x) = -x**3 + 7*x**2 + 2*x - 3. Let w be f(7). Let a = w + -7. What is the remainder when 6 is divided by a?
2
Let r(s) = -s**2 - 10*s + 53. What is the remainder when r(-9) is divided by 17?
11
Let q = -2 - -3. Let k be (q + (-4 - -1))*-1. Suppose -35 = -2*s - v, k*s - 60 = -3*s + 3*v. What is the remainder when 44 is divided by s?
14
Suppose 17*h + 14 - 184 = 0. Calculate the remainder when 57 is divided by h.
7
Suppose 0 = 2*b - 31 - 3. Suppose -q + 0*q = -6. Suppose 2*f + 1 + 32 = 3*o, -2*o + q = 4*f. What is the remainder when b is divided by o?
8
Suppose c - 5 = 9. Suppose -3*g - 4*p = -0*g + c, p = g. Let k = 1 - g. What is the remainder when 5 is divided by k?
2
What is the remainder when (-1 - 10/(-15))*-459 is divided by 39?
36
Suppose 5*a = 7 + 18. Suppose -o + a = -18. What is the remainder when 44 is divided by o?
21
Let m(d) = d**3 + d**2 + 2*d + 1. Let y = -2 + 3. Let q be 0/(-4) + 1 + y. Calculate the remainder when 32 is divided by m(q).
15
Suppose 113*x - 119*x + 78 = 0. Calculate the remainder when 70 is divided by x.
5
Suppose -5*y - 12 = -l - 2*y, 2*y - 17 = -l. Calculate the remainder when 26 is divided by l.
11
Calculate the remainder when (-382)/(-5) + 16/(-40) is divided by 21.
13
Let j(i) = 4*i + 9. Let x be j(11). Let m = x + -7. Calculate the remainder when m is divided by 16.
14
Suppose 33 - 13 = f - 4*p, 5 = -5*p. Suppose d - 2 - f = 0. Calculate the remainder when d is divided by 10.
8
Suppose -3*s = -s - 30. Calculate the remainder when s is divided by 8.
7
Suppose 2 + 13 = c. Let n be (-1)/7 + (-355)/(-35). Suppose 176 = -6*w + n*w. What is the remainder when w is divided by c?
14
Let s = -16 + -10. Let j = s + 37. Suppose 3*b = 5*b - 4*t - 54, 5*t - 69 = -4*b. Calculate the remainder when b is divided by j.
10
Let i(y) = y**3 - 1 - 3 - 4*y - 8*y**2 - 4 + 6*y. What is the remainder when 2/(2/23 - 0) is divided by i(8)?
7
Suppose 162 = -21*z + 23*z. What is the remainder when z is divided by 14?
11
Suppose 5*n = 2*z - 23, -3*z - n + 9 = -0*n. Calculate the remainder when 14 is divided by z.
2
Suppose -4*z + 11 + 21 = 0. Suppose -9 - 67 = -2*g. What is the remainder when 19 is divided by z/12 - g/(-6)?
5
Let b(v) = -v**3 + 6*v**2 + 8*v - 3. Let x be b(7). Let h(c) = -c**3 + 4*c**2 + 3*c - 3. What is the remainder when 33 is divided by h(x)?
6
Let i(c) = c**2 - 1. Let j be i(-4). Let q = 24 - j. What is the remainder when 33 is divided by q?
6
Calculate the remainder when 4/30 + 772/60 + 1 is divided by 5.
4
Let t = 36 + -14. What is the remainder when t is divided by 13?
9
Calculate the remainder when -1 + 1 + (5 - -20) is divided by ((-54)/(-6))/(-1 - -2).
7
Suppose -3*u - 10 = -8*u. Calculate the remainder when u is divided by 2.
0
Suppose -19 = -3*c + 5. Let p = c - 3. Calculate the remainder when p is divided by 2.
1
Let m be 19/3 + (-10)/(-15). Let f = -1 + m. Suppose a - 21 = -0*a. What is the remainder when a is divided by f?
3
Suppose 4*b + 39 = 5*k - 0*b, 3*b + 10 = 2*k. Calculate the remainder when 6/33 - 828/(-44) is divided by k.
8
Let s = -43 + 79. Calculate the remainder when 434/6 + (-12)/s is divided by 19.
15
Calculate the remainder when 14 is divided by ((-14)/(-6) - 2)*(29 - 5).
6
Let i = 9 - -1. Suppose 79 = 9*a - 83. Calculate the remainder when a is divided by i.
8
Let k = -25 + 29. What is the remainder when 18 is divided by k?
2
Let a = 81 - 73. Let k be 1/((-1)/(1 + 0)). What is the remainder w